6/k*(128 + -4). Suppose -188*r + 8 = -n*r. Calculate the highest common divisor of 6 and r.
2
Let u = -28 - -54. Suppose 36*z - 22*z - 377 = -15*z. Calculate the greatest common factor of u and z.
13
Suppose 3*f - 456 - 402 = 0. Let o be ((-560)/(-40) - (-1176)/39) + 2/(-13). Calculate the greatest common divisor of o and f.
22
Suppose -5*r + 2032 = -2*m, 2*r - 112*m - 790 = -115*m. What is the highest common factor of 8 and r?
4
Let a(z) be the second derivative of 4*z**3 - 78*z**2 + z + 2. Let f be a(11). Calculate the greatest common divisor of 60 and f.
12
Let k = 24 - 43. Suppose 77*w - 81*w + 116 = 0. Let n = w + k. What is the highest common divisor of 50 and n?
10
Let l(f) = f**2 + 3*f + 78. Let d be l(0). What is the greatest common divisor of d and 2158?
26
Let f be 1/(-7) - 14508/(-273). Let c be -2 + 35 - 0/1. Let i = f - c. What is the highest common divisor of i and 5?
5
Let w(g) = 204*g**3 - g**2 + 8*g - 7. Let l be w(1). Let h = 207 - l. Calculate the highest common factor of 15 and h.
3
Let q(j) = -5*j**2 - 512*j - 1963. Let p be q(-4). Suppose -4 = -0*y - 4*y. What is the greatest common divisor of p and y?
1
Let u be 3/(-1) + 25 - 4. Suppose 55*x - 42 = 48*x. Calculate the greatest common divisor of x and u.
6
Let b(y) = -6*y + 2. Suppose -5*t - 47 = 3. Let c be 3/(-1) - (t + 13). Let k be b(c). Calculate the highest common divisor of 57 and k.
19
Let i be ((-1)/2)/(51/18 + -3). Suppose 0 = -2*x + 4*v + 80, x = -0*v - i*v + 40. Suppose -41 = -3*f + x. What is the greatest common divisor of f and 27?
27
Suppose 2*p + 2*b = -102, b - 42 = 2*p + 45. Let v(j) = -13*j - 2. Let y be v(-4). Let r = p + y. Calculate the highest common divisor of r and 16.
4
Let h = -85 + 85. Suppose h = 5*s - 2*s. Suppose -3*n + 101 + 37 = s. What is the greatest common factor of n and 115?
23
Suppose 5652 - 31572 = -40*b. Calculate the greatest common factor of b and 64.
8
Let q be 89 + (14/(-21) - (-4)/6). Suppose -17*w - 21 = -q. Suppose -3*y - 2*x + 38 = 0, 0*y = 2*y - 2*x - 22. Calculate the greatest common factor of y and w.
4
Suppose 4*z + 0*z - 36 = 0. Let r = 60 + -57. Suppose r*c - 4*i = 21, 5*c = -0*c - 5*i. Calculate the greatest common factor of c and z.
3
Suppose 29766 = 33*q - 3696. Calculate the highest common factor of 1404 and q.
78
Suppose 0 = 6*v - 57 + 33. Suppose -5*y - v = -w, -y + 6 - 32 = -2*w. What is the highest common divisor of w and 98?
14
Let z be (-81)/4*(-56)/(-21). Let r = 58 + z. Let l be (-68)/(-7) + 4/14. Calculate the highest common factor of l and r.
2
Let x(v) = -395*v - 885. Let u be x(-6). Calculate the highest common factor of 1815 and u.
165
Let k(b) = 3*b**2 + 12*b - 59. Let p be k(4). Suppose 8*t - 10*t = 2*q - 18, 4*q = -5*t + p. What is the greatest common divisor of 104 and q?
8
Suppose 511 = b - 2*w, -4*w - 2398 = -4*b - 354. Calculate the highest common factor of 21 and b.
7
Let f(m) = 6*m**2 + 34*m - 5. Let r be f(-7). Suppose -3*h - 36 = -2*t, 47*t + 2*h = r*t - 56. Calculate the greatest common factor of t and 108.
12
Let m(n) = n - 6. Let a be m(8). Let x = 1051 - 1049. Suppose 2*p = f, -4*p = f - x*p - 12. What is the highest common divisor of a and f?
2
Suppose 0 = -3*g - 406*k + 407*k + 1896, 5*g - 5*k = 3180. What is the highest common factor of g and 990?
90
Let f = 4375 - 3580. What is the highest common divisor of f and 90?
15
Let x(l) = -25*l + 63. Let w be x(5). Let h = w - -160. What is the greatest common divisor of 70 and h?
14
Let g(h) = 1120*h - 5082. Let d be g(15). What is the highest common factor of 124 and d?
62
Let x = -1438 + 2053. Suppose -5*t + 1562 = 2*w + x, 0 = 2*w + 2*t - 956. What is the highest common factor of 37 and w?
37
Let t(r) = -121*r - 8306. Let b be t(-69). Suppose -5*f + 1315 = -2770. What is the greatest common factor of f and b?
43
Suppose -13*a + 11*a - 9234 = -2*o, -3*a - 23085 = -5*o. Calculate the highest common factor of o and 19.
19
Let x be 891/9 - 7*-1. What is the greatest common factor of x and 17702?
106
Suppose -24*k - 4 = 44. Let f be 360/135 - k/(-3). Calculate the highest common factor of 64 and f.
2
Let a = -130 + 152. Suppose -24*t + 22 = -a*t. What is the highest common factor of 781 and t?
11
Let p = -43 + 55. Suppose 4*v = 2*v - 4*a + p, 3*v + 3*a = 27. Calculate the greatest common factor of v and 4.
4
Suppose 4*x = -4*m + 236, -4*x + 241 = 5*m - 61. Calculate the greatest common divisor of 636 and m.
6
Let j(q) = 21*q**3 - 2*q**2 + q. Let y be j(1). Suppose -404 = -22*w + 18*w + 2*g, 12 = -6*g. Calculate the greatest common factor of w and y.
20
Suppose 0 = -90*w - 90*w + 81180. Calculate the highest common divisor of w and 1271.
41
Suppose 0*o - 6*o + 162 = 0. Let u = -23 + o. Let d = 104 + -101. What is the greatest common divisor of u and d?
1
Suppose 5*f - 3*f + j + 14 = 0, 7 = -f - j. Let k be 2/f - (-11120)/112. Calculate the greatest common divisor of 9 and k.
9
Suppose -d + 25 = 5*f, -7 + 42 = 5*f + 3*d. Suppose -f*i + 3*v = -921, -4*i - v = -817 - 124. Calculate the greatest common factor of 78 and i.
78
Let u be -4 + 3 - (0 - -5). Let i be ((-144)/42)/(u/84). Calculate the highest common factor of 240 and i.
48
Suppose 5*g - r = 12, 9 = -0*r + 3*r. Suppose -3 + 45 = g*n. Suppose -69*s + 561 + 405 = 0. Calculate the highest common factor of s and n.
14
Let s(o) = -684*o - 1919. Let x be s(-5). What is the highest common divisor of 19 and x?
19
Suppose 5*o + 0*o = -o. Suppose -2*s + 4*a + 75 = -1, -5*s + a + 145 = o. Calculate the greatest common divisor of s and 448.
28
Let r = -2158 - -2590. Calculate the greatest common factor of 300 and r.
12
Suppose 0 = -12*n + 7*n + 5, 3*y + 7*n = 124. What is the highest common divisor of 3497 and y?
13
Let o be 15/5 + (-31 + 4)*-1. Let i(v) = v**3 - 31*v**2 + 42*v - 114. Let u be i(o). What is the greatest common divisor of 410 and u?
82
Let v = -1126474 + 1126527. Let j(m) = -m**3 - m**2 + 689. Let y be j(0). Calculate the highest common factor of y and v.
53
Suppose p = 3*l - 2*l - 31, -l + 16 = -4*p. Let b = l - 32. Suppose -32 = -3*i + b*m, -i + m + 8 = -m. What is the highest common factor of 2 and i?
2
Let s(d) = -d**3 + 9*d**2 + 12*d - 9. Suppose 27*r = 19*r + 80. Let f be s(r). What is the highest common factor of f and 11?
11
Let r(q) be the third derivative of -q**5/60 + 5*q**4/12 + 11*q**3/2 - 10*q**2. Let h be r(13). Let n = -5 - h. What is the greatest common factor of 5 and n?
1
Suppose 4*o - 11*o = 0. Suppose 5*z - 9 - 1 = o. Suppose n - v = -z*n + 401, 4*v - 376 = -3*n. Calculate the highest common factor of 12 and n.
12
Let p = 592 - 546. Suppose 5*n = 3*c - 4, 4*c + c - 20 = -5*n. Suppose 2*v - c*v + 115 = 0. Calculate the highest common divisor of v and p.
23
Let a(l) = 7*l**3 + l**2 - 103*l + 1257. Let b be a(11). Calculate the greatest common factor of 14 and b.
14
Let j(i) = 2*i**2 + 13*i + 334. Let l be j(-16). Let h(d) = 177*d + 4. Let k be h(4). Suppose -k - l = -10*w. What is the greatest common divisor of 15 and w?
15
Let q = -2252 + 3687. What is the greatest common factor of 175 and q?
35
Suppose 3*s - 5*r = 196, 20*s + 72 = 21*s - 3*r. Calculate the greatest common factor of s and 3648.
57
Let o(h) = 5*h - 6. Let k be o(4). Let m(v) = 2*v - 10 - 8*v - v - v. Let q be m(-10). What is the highest common factor of q and k?
14
Let l(a) = a**2 - 7*a + 13. Let j be l(8). Let q(f) = 115*f + 1. Let n = -46 - -48. Let p be q(n). What is the highest common divisor of j and p?
21
Let s be (-1)/((-2)/12 - 21/(-234)). Suppose s*t - 3*t = 20. Let q be ((-5)/10)/(t/(-72)). Calculate the greatest common factor of q and 72.
18
Let r be (2816/(-20))/(-1) - 1*(-8)/(-10). Suppose -128 = -17*t + 8. What is the greatest common divisor of r and t?
4
Let a(n) = 14*n - 1. Let o be a(1). Let i = -2 + o. Suppose 20*k = -3*u - 18 + 61, -3*u = -5*k + 7. Calculate the greatest common factor of i and u.
1
Let a(j) = -26*j - 711. Let r be a(-31). Calculate the greatest common factor of r and 190.
95
Let m(n) = 11*n**2 - 1. Let z be m(1). Let s(p) = 329*p - 14974. Let j be s(46). What is the greatest common divisor of j and z?
10
Let a be (-58)/(-18) - ((-250)/90 + 3). Suppose 3*m + 28 = 2*w, 12 = 8*w - 5*w + a*m. What is the greatest common divisor of w and 232?
8
Let q = 13 + -2. 